 -1122 - -2?
-1120
In base 2, what is 101100101 + -100?
101100001
In base 9, what is -3334 + 3?
-3331
In base 13, what is -2 + -173?
-175
In base 5, what is -242120 - 2?
-242122
In base 2, what is 1010101 - -10011?
1101000
In base 8, what is 32 + -322?
-270
In base 4, what is 23 + 22?
111
In base 13, what is 4 + 55?
59
In base 11, what is 96 + -2?
94
In base 5, what is -22323 + 10?
-22313
In base 3, what is 101101 - 10?
101021
In base 7, what is -10 - -15?
5
In base 6, what is 4 + -5305?
-5301
In base 14, what is 7 + -8a?
-83
In base 8, what is -4246 - 2?
-4250
In base 14, what is 1a8 + -2?
1a6
In base 11, what is -32 - -9a?
68
In base 3, what is -12120 + -10?
-12200
In base 12, what is 1740 - -4?
1744
In base 9, what is -207 + -145?
-353
In base 7, what is -4 + -26?
-33
In base 13, what is 627 - 4?
623
In base 13, what is 941 + -5?
939
In base 11, what is 1 - -21a?
220
In base 5, what is -2011 + 0?
-2011
In base 7, what is -101 - 1?
-102
In base 3, what is 122 - 120020?
-112121
In base 11, what is 107 + 3?
10a
In base 8, what is -3556 + 3?
-3553
In base 13, what is 258 + 22?
27a
In base 7, what is -2 - 114?
-116
In base 13, what is -5cc + 5?
-5c7
In base 4, what is -3 - 100?
-103
In base 9, what is 3685 - -2?
3687
In base 14, what is 4b3 - -2?
4b5
In base 4, what is 1 + 10202?
10203
In base 4, what is -301 + 3?
-232
In base 3, what is -1 - 211?
-212
In base 14, what is 971 + -2?
96d
In base 8, what is -16 + -1154?
-1172
In base 13, what is -4 + 44?
40
In base 9, what is 10 - -5?
15
In base 12, what is -3ab + 4?
-3a7
In base 2, what is 100010000110 + 10?
100010001000
In base 3, what is 1220122 + -2?
1220120
In base 9, what is 10525 - -1?
10526
In base 11, what is 20 - 17?
4
In base 3, what is 11021000 + 0?
11021000
In base 12, what is 3 + 8?
b
In base 5, what is 4440 + 4?
4444
In base 10, what is 56 + 0?
56
In base 4, what is -3012 + 10?
-3002
In base 14, what is 4b8 + -2?
4b6
In base 2, what is 0 + 100110010001?
100110010001
In base 8, what is -4 - -1213?
1207
In base 4, what is 1020131 - 12?
1020113
In base 14, what is -7 - 9a3?
-9aa
In base 3, what is 121221 + -10?
121211
In base 10, what is 6117 + 5?
6122
In base 9, what is -14 + 6?
-7
In base 5, what is -320 + 41?
-224
In base 11, what is 6219 - 1?
6218
In base 16, what is 0 + ae2?
ae2
In base 15, what is -6d3 - 3?
-6d6
In base 15, what is -489 - -4?
-485
In base 15, what is -5 - 2ab6?
-2abb
In base 2, what is 1 + 11000?
11001
In base 7, what is 2541 - -4?
2545
In base 3, what is 110011210 + -10?
110011200
In base 16, what is 0 - -322?
322
In base 13, what is 2 - -60?
62
In base 15, what is 1 - -34?
35
In base 6, what is -233 - 4?
-241
In base 4, what is -230 + -13131?
-20021
In base 6, what is 134 - 31?
103
In base 14, what is -8 - 18b?
-195
In base 16, what is -24 - -1a4?
180
In base 14, what is 1 + -51?
-50
In base 2, what is -11110100110 + -100?
-11110101010
In base 5, what is 22 + 303?
330
In base 11, what is 115 + -2?
113
In base 16, what is -2 + -8e?
-90
In base 16, what is -5 + -db3?
-db8
In base 9, what is -5 - 5?
-11
In base 3, what is -112 + -1?
-120
In base 15, what is 51 + 3?
54
In base 6, what is -501 + -1?
-502
In base 14, what is -46 + -97?
-dd
In base 5, what is -1 + 13?
12
In base 5, what is -101 + 24?
-22
In base 11, what is -1 + 181?
180
In base 15, what is -1 - 55?
-56
In base 10, what is 516 - 5?
511
In base 9, what is -722 + 5?
-716
In base 9, what is -3 - -1032?
1028
In base 12, what is 4 - -180?
184
In base 2, what is 111011 - 101011?
10000
In base 14, what is a3 + -15?
8c
In base 2, what is 101101 - -1010000?
1111101
In base 14, what is -2 + -30b0?
-30b2
In base 3, what is 10 + -1201?
-1121
In base 16, what is -4 + -5d8?
-5dc
In base 5, what is -214 - 0?
-214
In base 9, what is 0 + 30?
30
In base 3, what is -11100 - 11?
-11111
In base 8, what is 3 - -16?
21
In base 4, what is -232 + 0?
-232
In base 2, what is -111110 - 1110000?
-10101110
In base 5, what is 10 + -1324?
-1314
In base 7, what is -50 + -153?
-233
In base 14, what is 6 + 1?
7
In base 13, what is -c + 254?
245
In base 12, what is 2956 - -3?
2959
In base 6, what is -5 - -252?
243
In base 9, what is -451 - 0?
-451
In base 10, what is 2 - -98?
100
In base 7, what is -2 + 6200?
6165
In base 6, what is -1 + 2320?
2315
In base 6, what is 13 + 13?
30
In base 14, what is 0 - -102a?
102a
In base 14, what is -1a - -171?
155
In base 12, what is -2 + -22?
-24
In base 10, what is -40 + -134?
-174
In base 15, what is 1 - -3d9?
3da
In base 13, what is 1 + 8a0?
8a1
In base 3, what is 2102 - 20?
2012
In base 10, what is -1 - -1570?
1569
In base 11, what is -4 + 418?
414
In base 15, what is -111 + 3?
-10d
In base 12, what is a - 634?
-626
In base 9, what is -3415 + 2?
-3413
In base 6, what is 24 + -23?
1
In base 9, what is 38 - 4?
34
In base 7, what is 2652 + -4?
2645
In base 2, what is 101 - 11000011?
-10111110
In base 16, what is -1c - 7f?
-9b
In base 4, what is -32100 + 2?
-32032
In base 14, what is 1 - 23?
-22
In base 14, what is -3 + 1c?
19
In base 16, what is -1 + -45?
-46
In base 12, what is -6a + 1?
-69
In base 9, what is 4 - -137?
142
In base 4, what is 0 + -1120?
-1120
In base 10, what is -460 - 0?
-460
In base 4, what is 1030 - 0?
1030
In base 8, what is -16 - -514?
476
In base 5, what is 4 - -1343?
1402
In base 6, what is -4 - 115?
-123
In base 10, what is 653 + -2?
651
In base 6, what is 5 + 14?
23
In base 10, what is 14 - 25?
-11
In base 14, what is -5d8 - 4?
-5dc
In base 6, what is 3 - 40?
-33
In base 14, what is 2 - 15?
-13
In base 4, what is -1001 + -1122?
-2123
In base 8, what is -70 + 1?
-67
In base 6, what is 1 + -155?
-154
In base 5, what is -141 + -2?
-143
In base 7, what is 4 - -301?
305
In base 5, what is 112 + -10?
102
In base 13, what is -7 - -4b?
44
In base 7, what is 5 + 46?
54
In base 7, what is 5 - -22351?
22356
In base 14, what is 115 + 3?
118
In base 8, what is 2 - -57?
61
In base 4, what is -12 + -1022?
-1100
In base 12, what is -9b - 3?
-a2
In base 3, what is -110 + -2011?
-2121
In base 12, what is -9b + 82?
-19
In base 2, what is -1110 - -110001?
100011
In base 4, what is -11 + 133100?
133023
In base 5, what is 1 - -120?
121
In base 8, what is 13335 - 1?
13334
In base 11, what is 320a + 1?
3210
In base 2, what is 110011001 + 1000?
110100001
In base 6, what is 1054 - -2?
1100
In base 13, what is c - 35?
-26
In base 10, what is -523 - 9?
-532
In base 4, what is 32 - -2?
100
In base 5, what is 3 + 233?
241
In base 12, what is 7a - b?
6b
In base 4, what is -11 + -10222?
-10233
In base 2, what is -110111111 - -10?
-110111101
In base 10, what is -27 - -27?
0
In base 9, what is -2 + -12?
-14
In base 7, what is -540 - -3?
-534
In base 3, what is 22000100 + 0?
22000100
In base 6, what is 1451 - -11?
1502
In base 4, what is -22003 - -11?
-21332
In base 4, what is -120 - -1032?
312
In base 9, what is -1 - 186?
-187
In base 8, what is -153 - 73?
-246
In base 13, what is 5 + -804?
-7cc
In base 10, what is -2 - -92?
90
In base 14, what is -b + -2?
-d
In base 14, what is 6 - 12?
-a
In base 11, what is 5 + 904?
909
In base 4, what is 11 + 1203333?
1210010
In base 4, what is -1012120 - 10?
-1012130
In base 7, what is -2453 + -4?
-2460
In base 14, what is -2c + -40?
-6c
In base 3, what is -10010201 - 2?
-10010210
In base 6, what is -5 + -120?
-125
In base 13, what is -1b1 - 5?
-1b6
In base 5, what is 34210 - 2?
34203
In base 9, what is -4 - 102?
-106
In base 4, what is 3023 + 113?
3202
In base 9, what is 1 - 2576?
-2575
In base 10, what is 4 - 52?
-48
In base 14, what is 3 + 8d?
92
In base 2, what is -1 + 1011?
1010
In base 7, what is -212 + 133?
-46
In base 4, what is 33 - 132?
-33
In base 9, what is 51 + 0?
51
In base 16, what is -60b - 0?
-60b
In base 10, what is 41 - -45?
86
In base 9, what is -3 - -1720?
1716
In base 10, what is 32 + 200?
232
In base 8, what is -3 - 64?
-67
In base 16, what is -23 + 2?
-21
In base 10, what is 4706 + 4?
4710
In base 2, what is 11 - 1110001?
-1101110
In base 6, what is -5 + 104?
55
In base 9, what is -10002 + 1?
-10001
In base 11, what is 2 + -2?
0
In base 2, what is -1000100 + 100011101?
11011001
In base 3, what is -2 - -1020?
1011
In base 14, what is 0 - -a?
a
In base 16, what is 6 - -2a?
30
In base 5, what is -444 - 3?
-1002
In base 14, what is 158 + -1?
157
